e f(-7).
1
Let o = -13 + 10. Let x(u) = -7*u**2 - 7*u + 3. Let c(s) = 8*s**2 + 8*s - 3. Let f(i) = -5*c(i) - 6*x(i). Determine f(o).
9
Suppose -3*z - q = 12, -3*z + 5*q = -0*z + 12. Let p(s) = 2*s**2 - 5*s + 3. Let a(i) = 5*i**2 - 10*i + 7. Let j(d) = 3*a(d) - 7*p(d). Give j(z).
-4
Suppose -b + 3*b - 10 = 0. Suppose -g - 16 = -b*g. Let h(n) = 2*n**2 - 4*n. Determine h(g).
16
Let k = 470 - 466. Let d(r) = -r**3 + 3*r**2 - 4. Give d(k).
-20
Let s(p) = 8*p + 286. Let d be s(-35). Let h(r) be the first derivative of -9 - 1/2*r**2 - d*r. Determine h(-5).
-1
Let f = -19 - -12. Let c = -5 - f. Let i(a) = -6*a + 5*a + 4*a**3 + a**c + a**3 - 4*a**3. Determine i(-2).
-2
Let v(k) = 11*k**2 - 8*k + 1. Let y(d) = 12*d**2 - 9*d + 1. Let i(j) = -7*v(j) + 6*y(j). Suppose 12 = -5*n + 2. Let c = n + 3. Determine i(c).
-4
Let r(h) be the third derivative of h**5/30 - h**4/24 - h**3/6 + 156*h**2. What is r(1)?
0
Let w(f) = -9*f**3 - 2*f**2 - 11*f - 56. Let j(p) = -5*p**3 - p**2 - 6*p - 28. Let o(t) = 11*j(t) - 6*w(t). Determine o(0).
28
Suppose 2*y - 3*n = 25, -5*n + 13 = 3*y + 4. Suppose 7*h = y*h + 2. Let o(p) = 28*p - 15*p - 13*p - 5*p. What is o(h)?
10
Let i(v) = v**3 - 6*v**2 - 4*v + 12. Let r = -602 + 609. Calculate i(r).
33
Let l be (-3 + 1)/18 + 896/126. Let d(w) = w - 10. Calculate d(l).
-3
Let k(i) = 0*i**2 + 0*i**2 - 4473*i + 4472*i - 14 + i**2. Calculate k(-3).
-2
Let d(w) = -2*w. Suppose -59 = -5*o + 4*r, -2*r = 5*o - 0*r - 83. Suppose 5*h - 5*l = -o, l + 1 = 3*h + 6. Calculate d(h).
2
Let k(a) = a + 2. Suppose -2*z = -5*b - 78, -189 - 52 = -5*z + b. Suppose -38*f + z = -45*f. Calculate k(f).
-5
Let h(i) = 12*i + i**2 - 47*i + 2 + 5*i + 2*i + 34*i. Suppose 8*c - 10 = 3*c - 2*l, c - 2 = 3*l. Suppose -c*s - 3*u + 1 = 0, 5*s - 9 = 2*u - 35. Give h(s).
-6
Let k(h) = -3*h**2 + 31*h + 2. Let s(d) = -d**2 - d + 7. Let u be s(0). Let i(v) = 2*v**2 - 21*v - 1. Let y(f) = u*i(f) + 5*k(f). Give y(6).
15
Let m(u) = 7 + u**3 - 5*u - 6*u**2 + 0*u**3 - 2*u**3. Let q be (516/(-1548))/(0 + (-3)/(-45)). Give m(q).
7
Let j(x) be the second derivative of 1/2*x**3 - 2 + 1/12*x**4 + 16*x - 1/2*x**2. Determine j(-5).
9
Let v(c) = 4*c - 2. Let y(t) = 8*t + 4. Let k be y(1). Suppose 2*z - k = -2*z. Give v(z).
10
Suppose -d = 2 - 4. Suppose -2 = -3*k + 4. Let a(s) = 3 + s - s**k - 2 + 5 - 4. What is a(d)?
0
Let s(t) = t**3 + 18*t**2 - 2*t - 25. Let p(n) = -4*n**3 - 56*n**2 + 8*n + 77. Let c(a) = -2*p(a) - 7*s(a). What is c(14)?
-7
Let o(i) = -3*i**3 - i**2 - 28*i + 1. Let l(r) = -4*r**3 - 36*r + 2. Let k(m) = 4*l(m) - 5*o(m). Calculate k(4).
3
Let a(i) = -i**2 + 5*i + 7. Suppose 0 = 4*j + 4*b - 8, 3*j - 3*b - 4 - 14 = 0. Give a(j).
11
Let d(n) = -n**3 + 2*n**2 + 4*n + 2. Suppose x - 52 - 8 = 0. Suppose 0*t + x = -6*t. Let i be (-6)/(-15) - (-24)/t. What is d(i)?
10
Let m(u) = -4*u + 29. Suppose 9*y - 70 = -y. Let s be m(y). Let v(r) = -5*r**3 + r**2 - 1. Calculate v(s).
-5
Suppose 4*r - 5*g = -12, -r + 22 = 4*r + 3*g. Suppose -d + 2 + 1 = 0. Let l(h) = 4*h**2 - d*h**2 + 3*h - 3 + 2*h**2 - r*h**2. Give l(-5).
7
Let l(k) = -k**3 - 2. Let f = 46 - 46. What is l(f)?
-2
Let l(b) be the third derivative of b**4/24 + b**3/6 - 1368*b**2. Suppose -5*u + 3*q + 25 = 0, 2*q - 20 = -4*u - 2*q. Give l(u).
6
Let y(n) = -n + 9. Let a be 0*((-36)/(-6) + -5). What is y(a)?
9
Let g = -4 - -1. Let f = 5 + g. Let a(l) = -25*l - 28. Let b(k) = 14*k + 16. Let r(o) = -8*a(o) - 14*b(o). Give r(f).
8
Let o(i) = -i**2 - 2*i + 3 - 1 - 3*i. Let v = -573 - -569. What is o(v)?
6
Let d(m) be the third derivative of 4*m**2 + 0 + 0*m - 1/20*m**5 - 1/8*m**4 + 1/3*m**3. Give d(2).
-16
Let c(x) = -3*x**2 + 7*x + 3. Let w(t) = -2*t**2 - 3 + 6*t**2 + 36*t - 1 - 27*t - 19*t. Let z be 7*-1*(0 - -1). Let y(m) = z*c(m) - 5*w(m). Determine y(-2).
1
Let n(j) = -271*j - 11 + 130*j + 3 + 139*j. Calculate n(7).
-22
Let k(d) = -6*d**2 + 2*d + 1. Let a(n) be the first derivative of -n**4/4 - n**3/3 + 2*n**2 + 3*n - 4. Let i be a(-3). Suppose 5*j - 4 = -i. Determine k(j).
-7
Let a = -9 + -1. Let u = 12 + a. Let b(g) = 3*g + 4 - g**3 + 2*g**2 + u*g - 4*g - 3. Determine b(2).
3
Let h(y) = 2*y**2 - 15*y - 2. Let w(n) = n**2 - 15*n - 2. Let b(m) = 3*h(m) - 4*w(m). What is b(-7)?
-5
Let x(s) = 90*s - 47*s - 46*s + 4. Let m(n) = -n. Let y be m(-4). Determine x(y).
-8
Let x(m) = 56*m + 38*m - m**2 - 98*m - 12. Determine x(-8).
-44
Let q(i) = -i**2 - 5*i + 9. Let h = -14 - -8. Let a be 0 - (-2)/h*21. What is q(a)?
-5
Let x be -1 + -3 - 30/(-5). Let l(b) = b**2 + 0*b**2 - x - 12*b + 1 + 10*b. Suppose -5*p = -8*p + 15. Determine l(p).
14
Let z(o) = o**2 - 5*o - 1. Suppose 1 = -q + 17. Let a be q/5*(-5)/(-2). Let x be a - -2*(0 - 1). Give z(x).
5
Suppose 5*z - 7 = 13, -4*z + 6 = 5*p. Let f(j) be the first derivative of 5*j**2/2 + 3*j - 15. Calculate f(p).
-7
Let c(z) be the third derivative of 1/24*z**4 + 0*z - 1/3*z**3 - 19*z**2 + 0. Let h be -7 - (-1)/(1 - 0). What is c(h)?
-8
Let b(a) = -4*a - 2 + 3*a**2 - 7 + 0*a**2 + 6. Let w be b(-1). Let t(n) = n. What is t(w)?
4
Let x = 1040 - 1044. Let t(a) = -a**3 - 7*a**2 - 15*a - 5. Give t(x).
7
Let p(q) = -q**2 + 11*q + 2. Let c be p(11). Let y be (15/12)/(c/24*-3). Let l(m) = m**2 + 4*m + 2. Determine l(y).
7
Let c(d) = 3*d**3 - 14*d**2 + 3*d + 11. Let x(o) = -5*o**3 + 21*o**2 - 5*o - 16. Let r = -47 + 55. Let j(i) = r*c(i) + 5*x(i). Give j(-6).
-22
Let g(z) be the second derivative of z**5/20 - z**4/3 - z**3/2 + 7*z**2/2 - 158*z. Determine g(5).
17
Let t(x) = -x**2 + 2*x + 257. Let l be t(17). Let r(d) = -2*d**2 + 4*d - 5. Calculate r(l).
-5
Let z(u) be the first derivative of u**3/3 + 4*u**2 + 3*u - 947. Let o be (0 - (-1)/(-1)) + -6. Give z(o).
-4
Suppose 67 - 87 = -5*c. Suppose 5*v - 6*v - c = 0. Let j(u) = -u**3 - 3*u**2 + u - 4. What is j(v)?
8
Suppose o + d - 2 = -10, 3*d + 15 = -2*o. Let r(h) = -h - 4. Let b(t) = 3*t + 9. Let j(q) = o*r(q) - 4*b(q). Determine j(3).
-9
Suppose -6*x = -28 - 50. Let f(v) = -v**2 - 5*v + 3. Let m(h) = -2*h**2 - 11*h + 5. Let d(s) = x*f(s) - 6*m(s). Calculate d(0).
9
Suppose -4 = -2*q + q. Suppose 3*n - 8 = q*n. Let k be 3 - n*(-2)/4. Let p(w) = -7*w. What is p(k)?
7
Let t(j) = j**2 + 6*j + 4. Let r be t(-6). Let i = -167 - -176. Suppose -5*o + 4*g = -i, -g - 11 = -7*o + r*o. Let d(n) = n**2 - 6*n + 2. Determine d(o).
-3
Let s = -6 + 6. Suppose s = -2*c + 6*c. Suppose -4*w + 4 + 28 = c. Let z(a) = a**3 - 7*a**2 - 8*a + 4. Calculate z(w).
4
Let k(n) = -n - 8. Suppose 5*y + 7 = 22. Suppose -35 = -9*w + 4*w. Suppose 2*o + 3*a - 35 = w*o, -3*o + y = 3*a. Give k(o).
-4
Let h(q) = 5481*q + 1 - 3*q**2 - 3 - 5478*q - 2. Determine h(2).
-10
Let f(y) be the first derivative of -1/6*y**3 - 5*y - 5/2*y**2 - 1. Let l(v) be the first derivative of f(v). Determine l(-5).
0
Let t be 0/19*(-3)/6. Let v(o) = -o - 12. What is v(t)?
-12
Let m(u) = 15*u - 3*u**2 + u**2 + 1215 - 1205. What is m(8)?
2
Let n be (-3 + (-4 - -13))*2/4. Let t(f) = -f. Calculate t(n).
-3
Let v = -538 + 536. Let x(c) = -1. Let t(l) = -4*l**2 - 3*l + 4. Let r(g) = t(g) + 4*x(g). Determine r(v).
-10
Let f be 1/7 + 0 - 248/(-28). Let z(n) = 2*n - 12. Give z(f).
6
Let s(c) = 21*c**3 + c**2 - 1. Suppose -4 = -37*v + 39*v - i, 7 = v + 4*i. Determine s(v).
-21
Let g(o) = 14*o**2 + o**3 + 8*o + 13*o**2 - 21*o**2 + 5. Give g(-5).
-10
Suppose 0 = -3*t - 4*j + 8, 0*t - 2*j = -t - 4. Suppose -4 = -2*u - t. Let h(q) = -q - 5*q - 3 - 1 - q**u. Calculate h(-4).
4
Let h(d) be the second derivative of d**8/6720 - d**7/2520 + d**5/120 - 11*d**4/4 + 23*d. Let r(l) be the third derivative of h(l). Give r(-2).
-11
Let c(z) = 16*z**2 - 11. Let w(i) = 3*i**2 - 2. Let d(r) = -4*c(r) + 22*w(r). Let b(j) = -2*j**2. Let o be b(-4). Let t = -33 - o. Determine d(t).
2
Let m(f) be the second derivative of f**4/12 - f**3 + 5*f**2/2 + 4*f. Suppose 0 = -57*b + 33*b + 144. Determine m(b).
5
Let s(u) be the first derivative of 1/2*u**2 - 1/3*u**3 - 8*u + 1. What is s(0)?
-8
Let u(s) = s**2 - 8*s - 6. Let o(c) = -c - 1. Let w(a) = 6*o(a) - u(a). Let t be 4/2*(0 + -1). Determine w(t).
-8
Suppose 2 + 9 = 4*s + 3*r, 2*s - 2*r = 2. Let q(j) = -j + 2*j + j**s - 4*j + 0*j**2. Determine q(6).
18
Let s(z) be the second derivative of 0 - 1/2*z**2 - 1/6*z**3 - 5*z. What is s(0)?
-1
Let r be -3 + ((-36)/24)/((-2)/4). Let s(g) be the third 